n ((-20)/8)/(2/(-24)) is divided by (w + -3)/(5 - 4) - 3.
6
Let x(j) = 17*j + 146. Let i(b) = b - 1. Let v(q) = -4*i(q) + x(q). Calculate the remainder when v(5) is divided by 18.
17
Suppose 0 = -q - 3*g - 543, -13*q - 2*g = -12*q + 545. Let k = -524 - q. Calculate the remainder when 119 is divided by k.
19
Let n(y) = 2*y**2 + 21*y - 25. Let j be n(-16). Let q = 227 - j. Calculate the remainder when q is divided by 8.
4
Let a(p) = 2*p**3 + 58*p**2 + 78*p + 33. What is the remainder when a(-26) is divided by 343?
3
Let n = -20231 - -23076. Calculate the remainder when n is divided by 942.
19
Let f = -5252 - -5848. Calculate the remainder when f is divided by 23.
21
Suppose r + 0*r - 201 = -2*w, 0 = 3*w + r - 299. Calculate the remainder when (17 + -20)*2/(-4)*w is divided by 30.
27
Let y(r) = -r**3 + 17*r**2 - 48*r + 252. Calculate the remainder when y(6) is divided by 73.
68
Suppose 121*s = 1290 + 18917. Calculate the remainder when s is divided by 50.
17
Suppose 10*r - 9*r = -l + 212, 0 = -5*l - 3*r + 1062. What is the remainder when l is divided by 24?
21
Suppose 0 = 3515*s - 3536*s + 6342. Calculate the remainder when s is divided by 78.
68
Suppose -124*u + 46*u + 52494 = 0. What is the remainder when u is divided by 7?
1
Let b = -139 - -119. Calculate the remainder when 11 is divided by ((-10)/b)/(44/(-24) - -2).
2
Suppose -5*b - d + 2914 = 0, 851 - 3163 = -4*b - 4*d. What is the remainder when b is divided by 155?
119
Let t(w) = -11*w**2 + 32*w + 139. Let s be t(-5). Let c = s - -312. Calculate the remainder when 58 is divided by c.
10
Let t(y) = -y**3 + 8*y**2 - 14*y + 2. Let h(b) = -2*b - 60. Let z be h(-32). What is the remainder when t(z) is divided by 2?
0
Let s = 497 - 727. Let f = s - -246. What is the remainder when 142 is divided by f?
14
Let r(b) = 6*b**2 - 60*b + 117. What is the remainder when r(2) is divided by 21?
0
Suppose -3*t + t = -182. Let s be (-77)/11 - -17 - 61. Let i = t + s. Calculate the remainder when 118 is divided by i.
38
Suppose 9*p + 12 = 13*p. Suppose -p*u + 2 = 5*a, 5*a + 0*a + 61 = 4*u. Let n(m) = m**2 + 16. What is the remainder when n(u) is divided by 25?
22
Let g = -290 + 101. Let k = 257 + g. Suppose -3*x + 34 = 2*s + x, 2*s + x = 19. What is the remainder when k is divided by s?
5
Suppose 85*z - 232 = -2*m + 90*z, 2*m - 252 = -5*z. What is the remainder when m is divided by 5?
1
Let f(w) = -3*w + 65. Let y be f(20). Suppose 0 = -2*x + 11 - 5, 195 = y*a + 5*x. Calculate the remainder when a is divided by 35.
1
Suppose 24 = g + 2*v, 0 = -4*g - v + 66 + 30. What is the remainder when 204 is divided by g?
12
Let i = -116 - -1. Let r = 34 + 146. Let j = i + r. What is the remainder when j is divided by 22?
21
Let w(m) = m**3 - 4*m**2 + 2*m + 6. Let j(y) = -y + 6. Let d be j(8). What is the remainder when (13 - -5)*(34/6 - d) is divided by w(4)?
12
Let d = 311 + -305. Suppose 426 = -d*n + 1812. What is the remainder when n is divided by 29?
28
Let s(t) = -9*t - 7. Suppose 0 = -4*o - p + 1977, 18*p - 1489 = -3*o + 16*p. Let b = o + -469. Calculate the remainder when s(-5) is divided by b.
14
Let v = -7364 - -7372. Suppose 27 + 85 = 4*h. Calculate the remainder when h is divided by v.
4
Let z = -61 + 87. Suppose 4*s = 7*n - 6*n + 717, -399 = -2*s + 5*n. What is the remainder when s is divided by z?
21
Let k = -19 - -40. Let t(g) = 98*g + 690. What is the remainder when t(-6) is divided by k?
18
Suppose l - 3*l + 3317 = 5*b, 5*l = 4*b - 2680. What is the remainder when b is divided by 215?
20
Let z(v) = -v**2 - 3*v - 10. Let q be z(7). Let x = -40 - q. Suppose -2*g + x = f - g, 2*f = -3*g + 84. What is the remainder when f is divided by 10?
6
Suppose -23 = -4*w - 3*v, -8*w = -3*w - v - 43. Suppose w*r - 4*r = 140. What is the remainder when 242 is divided by r?
32
Let n = -24 - -1326. Suppose -46*l + 67*l = n. What is the remainder when 867 is divided by l?
61
Suppose 4*x + 54 - 58 = -2*f, 10*x = -2*f - 2. Suppose -90 = -i - 2*i. Calculate the remainder when i is divided by f.
2
What is the remainder when 5633 is divided by 4*((-513)/(-12))/19?
8
Suppose -803 = 24*j - 4331. Suppose 5*k + j = z, 5*k - 27 - 160 = -z. What is the remainder when z is divided by 32?
7
Let c(k) = -91*k + 105. Calculate the remainder when 297 is divided by c(-2).
10
Let j = -226 + 235. What is the remainder when (173375/10)/19 + j/6 is divided by 61?
60
Let f(t) = 49*t - 426. Let k be f(9). Let n = -14 - -8. Let p = k - n. What is the remainder when 102 is divided by p?
18
Suppose 5*m = 71 + 14. Calculate the remainder when (-588 + 81)*22/(-33) is divided by m.
15
Suppose 0 = 3*z - 3*f - 24, -20 = -7*z + 6*z + 5*f. Suppose -z*l - 2*w + 6*w + 288 = 0, -4*w + 272 = 5*l. Calculate the remainder when 123 is divided by l.
11
Suppose 0*h = -3*g + 2*h + 242, 0 = -3*g - 5*h + 256. Let v = 250 - g. What is the remainder when v is divided by 44?
36
What is the remainder when (72/(-14))/(6/(-3608)) - 933/(-2177) is divided by 13?
12
Let f(q) = -8*q + 315. What is the remainder when (-9)/45 + 2073/15 + 1 is divided by f(35)?
34
Let z(i) = -2*i + 23. Let j(p) = 2*p**3 - p**2 - 2*p - 5. Let d be j(0). What is the remainder when 131 is divided by z(d)?
32
Suppose 841*q - 885 = 826*q. What is the remainder when 347 is divided by q?
52
Let o = -356044 + 356061. Let s(p) = 21*p**2 + 2*p - 2. Let g be s(-4). Let u = g - 142. What is the remainder when u is divided by o?
14
Let j(a) = 6*a + 8 + 6 - 24. What is the remainder when j(19) is divided by 19 - 5*1/5?
14
Let c = -106 - 138. Let x = 350 + c. Calculate the remainder when x is divided by 18.
16
Let t = -685 - -706. Suppose 11*b = t*b - 150. What is the remainder when 50 is divided by b?
5
Suppose 0 = 4*t - 10*t + 54. Suppose -t*x + 5*x + 160 = 0. Let d = x + -31. Calculate the remainder when 34 is divided by d.
7
Suppose 693*t - 122424 = 1382*t - 695*t. What is the remainder when t is divided by 265?
264
Let p = -1932 - -1964. Calculate the remainder when 55 is divided by p.
23
Suppose 1064*j - 1057*j = 448. Let x = 75 + j. Calculate the remainder when x is divided by 25.
14
Suppose 2336 = 9646*g - 9614*g. Calculate the remainder when 348 is divided by g.
56
Let a be ((-40)/(-12) + -2)*(-333)/(-6). Suppose u = -w + 2*u - 65, -5*w - u - 313 = 0. Let t = a + w. What is the remainder when 20 is divided by t?
9
Calculate the remainder when (4/(-2))/((-18)/1341) is divided by 12.
5
Let z(p) = -28*p + 57. Let d be z(0). Suppose -2914 = 26*r - d*r. What is the remainder when r is divided by 16?
14
Let r = 27 - 23. Suppose -r*u = -28 - 32. Suppose 3*o - 2 - 63 = -2*v, 2*v - 2*o = 90. What is the remainder when v is divided by u?
10
Let y be (3/6)/((-5)/(-1480)). Suppose -j = -y + 146. Suppose 0 = -2*t + 3*s - 7*s + 22, 0 = -5*t - j*s + 15. What is the remainder when 2 is divided by t?
0
Let u(f) be the second derivative of 14*f**3/3 - 25*f**2 - 41*f. Let m be u(16). Calculate the remainder when 8/32*2*m is divided by 50.
49
Let l = -24 + 133. Let y = -101 + l. What is the remainder when 32 is divided by y?
0
Suppose -z - 2*z + 24 = 0. Suppose -36*s + z = -32*s. Suppose s*t = -0*t + 140. Calculate the remainder when t is divided by 36.
34
Let y = 1264 - -13521. What is the remainder when y is divided by 93?
91
Let n(v) be the third derivative of -v**5/60 - 11*v**4/6 - v**3/6 + 27*v**2 + 1. What is the remainder when n(-10) is divided by 31?
29
Suppose -11*b + 120 = -3*b. Let h be ((-52)/(-6) + 0)/(5/b). Suppose -16 = -3*p + h. What is the remainder when p is divided by 8?
6
Let p(f) = -23*f - 201. Calculate the remainder when p(-12) is divided by ((-13)/(-4))/((-19)/(-152)).
23
Suppose 0 = -u + 6*u - 400. Suppose 4*b = -4*s + u, 0 = 4*b - s - 3*s - 88. What is the remainder when b is divided by 7?
0
Let x(k) = 32*k + 2054. Calculate the remainder when x(-57) is divided by 39.
35
Let l(m) = 15*m - 158. Let d(h) = 7*h - 79. Let r(q) = -13*d(q) + 6*l(q). What is the remainder when r(0) is divided by 1414/56 - 28/(-16)?
25
Let l be 4*4*(-54)/(-8). Let y = 132 - l. Suppose -6*c + c = -65. What is the remainder when y is divided by c?
11
Suppose 0 = 962*j - 967*j - 4*p + 446, -p = 1. What is the remainder when j is divided by 29?
3
Suppose 4*q + 5*v - 43 = 0, 14*q - 20 = 12*q - 4*v. What is the remainder w